110
In base 7, what is 24326000 + -1?
24325666
In base 15, what is 2895 + 1b1de?
1da84
In base 14, what is 8 - 434552?
-434548
In base 11, what is 229 - 52355?
-52127
In base 7, what is 3623351 + -63?
3623255
In base 3, what is -110222002001 - -22212200?
-110122012101
In base 9, what is 35083278 + 3?
35083282
In base 13, what is -29 + -4b8970?
-4b8999
In base 7, what is 13215 - 10615?
2300
In base 6, what is -1515 - 125441?
-131400
In base 7, what is -30 - -146444153?
146444123
In base 15, what is 34a7 - -5b3b?
90e3
In base 4, what is -3 - 1032313132301?
-1032313132310
In base 9, what is -25568316 + 0?
-25568316
In base 15, what is 3 + -238a44?
-238a41
In base 4, what is -3 + -1021222130002?
-1021222130011
In base 9, what is -31388 + 1423?
-28865
In base 5, what is -34200024 - -10?
-34200014
In base 3, what is -2022012101200211 + -1?
-2022012101200212
In base 9, what is 17 + -104538181?
-104538163
In base 5, what is 2003422201 + 234?
2003422440
In base 14, what is -200a2 + 263?
-1dc3d
In base 8, what is 200 - -103165?
103365
In base 3, what is 101100 + 101221102?
102022202
In base 8, what is -36211473 + 3?
-36211470
In base 5, what is -1434041144140 + -3?
-1434041144143
In base 6, what is 24114 - 113154?
-45040
In base 4, what is 211102212 + -112?
211102100
In base 9, what is 173283 + 147?
173441
In base 7, what is 240 - -4415010?
4415250
In base 2, what is -101010011000 + 1100000101010010101?
1011111111111111101
In base 11, what is 1419 + -28216?
-268a8
In base 9, what is -5 - -200363521?
200363515
In base 12, what is 7 + -557507?
-557500
In base 3, what is 122100220110 + -222?
122100212111
In base 13, what is 948a7a5 - 1?
948a7a4
In base 12, what is 4 + 2901030?
2901034
In base 3, what is 1010 - 102020000101?
-102012222021
In base 13, what is 8557 - 145?
8412
In base 16, what is -823ea61 + 3?
-823ea5e
In base 4, what is 10 + -2113010323222?
-2113010323212
In base 9, what is 3408 - 8511?
-5102
In base 10, what is 1 - 30266299?
-30266298
In base 13, what is bc + -b794a?
-b785b
In base 9, what is 323 - 47627?
-47304
In base 7, what is 1360103 + 556?
1360662
In base 8, what is -615450333 - 5?
-615450340
In base 11, what is 62 - -228798?
22884a
In base 12, what is -b522 - -7745?
-3999
In base 5, what is 10400412021 + 2?
10400412023
In base 8, what is 5 + 2006160?
2006165
In base 11, what is -a + -6a7055?
-6a7064
In base 10, what is -7990930 + 3?
-7990927
In base 2, what is 1000011011 - -100000101111100000010?
100000110000100011101
In base 7, what is 1445555441 - 2?
1445555436
In base 8, what is 416114 - -41?
416155
In base 15, what is -11b + 4cc9?
4bad
In base 4, what is -2010003 + 112022?
-1231321
In base 9, what is -175363 - 363?
-175736
In base 12, what is -598b68 + 2?
-598b66
In base 10, what is -219 - 267319?
-267538
In base 12, what is 845547 + -4?
845543
In base 5, what is 224013120 + 114?
224013234
In base 3, what is -12 + 1100101111202000?
1100101111201211
In base 9, what is -7761738 + 2?
-7761736
In base 5, what is -323 + 2323440?
2323112
In base 6, what is 10 - 553443052?
-553443042
In base 9, what is -117444000 - -3?
-117443886
In base 3, what is 1222120110221111 + 2?
1222120110221120
In base 4, what is 321220 - -20131?
1002011
In base 10, what is 94 + 180934?
181028
In base 14, what is -42d - 32035?
-32464
In base 16, what is 23576cc - 8?
23576c4
In base 2, what is 1101011110100110110010101 - -101?
1101011110100110110011010
In base 16, what is 12f - -44f9?
4628
In base 9, what is -112 + -7852113?
-7852225
In base 3, what is 1202220120110 + 121?
1202220121001
In base 6, what is 2 + -20421525?
-20421523
In base 4, what is -2233310 + -1220000?
-10113310
In base 9, what is -11715231 - 6?
-11715237
In base 9, what is -447278252 + 3?
-447278248
In base 12, what is 659 - 2056?
-15b9
In base 13, what is -161c32a + 3?
-161c327
In base 8, what is -102 + -3756321?
-3756423
In base 12, what is 457b499 - 7?
457b492
In base 13, what is 30 + 11a62a9?
11a6309
In base 5, what is 33432122 - -100?
33432222
In base 13, what is 420 - 45bc?
-419c
In base 9, what is 358017 + -36?
357871
In base 12, what is -88040 - -15?
-88027
In base 4, what is 13 + -1100232322033?
-1100232322020
In base 2, what is -101 + 100011001111110010010001101?
100011001111110010010001000
In base 14, what is -8 - -313cd1?
313cc7
In base 13, what is 10905855 + -9?
10905849
In base 7, what is 233241 - -1204?
234445
In base 6, what is 14052142 - -41?
14052223
In base 7, what is -11545602 + 0?
-11545602
In base 3, what is -220102220220120120 - -11?
-220102220220120102
In base 11, what is -4185 - 22201?
-26386
In base 13, what is -25644 + 13bc?
-24255
In base 16, what is 2 - -4d099f?
4d09a1
In base 7, what is -2101644 - 144?
-2102121
In base 14, what is 2bb4b53 - 0?
2bb4b53
In base 15, what is 2 + 153bc9b?
153bc9d
In base 2, what is 110111 - -1000110111011011101?
1000110111100010100
In base 4, what is -11 + -10203123112122?
-10203123112133
In base 14, what is 1007 + -914?
4d3
In base 7, what is -14 + -451310523?
-451310540
In base 12, what is -2b428 - 121?
-2b549
In base 3, what is -2022201212 - -21012?
-2022110200
In base 4, what is -3232 - -1113001012?
1112331120
In base 2, what is -101100011111101 + -1000011101?
-101101100011010
In base 14, what is -734c635 - 8?
-734c63d
In base 10, what is -447067 + 72?
-446995
In base 11, what is 364a547 - -5?
364a551
In base 14, what is 1 - -10c13?
10c14
In base 3, what is 11 + -1022121000100100?
-1022121000100012
In base 13, what is 4b07613 + -10?
4b07603
In base 8, what is -11550 - 122?
-11672
In base 12, what is 591 - 11478a?
-1141b9
In base 15, what is -64b4 + -83?
-6547
In base 14, what is -1720 + 9d0?
-b30
In base 11, what is -612041 + -74?
-612105
In base 11, what is -141 + 1a7456?
1a7315
In base 6, what is -13 - 4132314122?
-4132314135
In base 15, what is -121141b5 + 3?
-121141b2
In base 16, what is -5150 + -1105?
-6255
In base 6, what is 531143 - -53?
531240
In base 15, what is -1 + -225bb8?
-225bb9
In base 6, what is -23024 - 1041303?
-1104331
In base 2, what is 10111 + -110001100100111?
-110001100010000
In base 7, what is -1023344332 - 5?
-1023344340
In base 16, what is -b - acf82?
-acf8d
In base 6, what is -102 - -2235115?
2235013
In base 10, what is -170647 - -25?
-170622
In base 2, what is -10110110100 - -111010101110000?
110111110111100
In base 8, what is -305001360 - -5?
-305001353
In base 8, what is 2441 + 7?
2450
In base 16, what is -4 + -48f7c1?
-48f7c5
In base 3, what is 2 - 102012212122021?
-102012212122012
In base 13, what is b3541b4 + -1?
b3541b3
In base 6, what is 1501443550 - 11?
1501443535
In base 2, what is 10000001111110111111011101101 - 0?
10000001111110111111011101101
In base 5, what is 4 + -24313040103?
-24313040044
In base 3, what is 10 + -10220210000020110?
-10220210000020100
In base 3, what is 10122100222 + -22112?
10122001110
In base 15, what is -1d - -abc5c1?
abc5a3
In base 11, what is 76 + 55208?
55283
In base 11, what is 238a6 - -52?
23948
In base 10, what is -12554 + -2070?
-14624
In base 6, what is 21 - 30400515?
-30400454
In base 4, what is -3320033100132 - 1?
-3320033100133
In base 3, what is -122100000021 - -122110?
-122022100211
In base 15, what is -3 + -b1b7db?
-b1b7de
In base 13, what is -b1 - 75556?
-75637
In base 2, what is 101010111100010000110110 + -11?
101010111100010000110011
In base 7, what is 13 + -2211352?
-2211336
In base 12, what is -41 + -27814?
-27855
In base 11, what is 6405 - 139?
6277
In base 7, what is 1 + 1104244153?
1104244154
In base 15, what is -368699 + 1?
-368698
In base 12, what is -5241a3 + -10?
-5241b3
In base 3, what is -202000 + 20212210?
20010210
In base 8, what is 151263357 - -5?
151263364
In base 5, what is -14202 + 3122120?
3102413
In base 14, what is -18413436 - 0?
-18413436
In base 3, what is -10 - 2200102000110121?
-2200102000110201
In base 13, what is 1a4 - -402b5?
40489
In base 8, what is -470426025 + 16?
-470426007
In base 15, what is -8c3 - -3423?
2a50
In base 7, what is 2450 - -22546?
25326
In base 13, what is -5 - -a39189?
a39184
In base 10, what is -2 + -2069203?
-2069205
In base 2, what is -1101100011000011 - 11011010100?
-1101111110010111
In base 3, what is 1202001 - 12021022?
-10112021
In base 16, what is -5 + 281596?
281591
In base 2, what is 0 - 111001